10201001121
In base 2, what is 10011 - 10011011101001001011001010?
-10011011101001001010110111
In base 5, what is -213 + 14201121240?
14201121022
In base 16, what is -8fbe - 100c?
-9fca
In base 16, what is 1d56 + 6dbb?
8b11
In base 3, what is 212211102 + 110010021?
1022221200
In base 12, what is -686329a + -4?
-68632a2
In base 15, what is -3bdd551 - 0?
-3bdd551
In base 8, what is 37257345 - 5?
37257340
In base 5, what is -322 - 114034441?
-114040313
In base 3, what is 1222122002 + 102222?
2000002001
In base 11, what is 36717804 - 11?
367177a3
In base 6, what is -52 + 220300325?
220300233
In base 4, what is -2302002 + -21210?
-2323212
In base 15, what is -a6 + 6409a?
63ee4
In base 5, what is -11 + -31434231400?
-31434231411
In base 2, what is -111011011100010 + -110101011?
-111100010001101
In base 3, what is -1201011222200020 - 2?
-1201011222200022
In base 10, what is -69 - 5418786?
-5418855
In base 16, what is 17b - -14cb?
1646
In base 7, what is -1003603 + 2106?
-1001464
In base 14, what is -1821669 - 3?
-182166c
In base 5, what is 14231424 - 11244?
14220130
In base 15, what is 2c6 - d7?
1de
In base 8, what is 133650226 + 5?
133650233
In base 8, what is 25074641 + -7?
25074632
In base 4, what is -23 + 1020231130?
1020231101
In base 13, what is 11674 - 47b7?
9b8a
In base 9, what is 3057880 + 106?
3058086
In base 7, what is 5053 - 2344?
2406
In base 6, what is -341215501 - -1?
-341215500
In base 9, what is 645402 + 501?
646003
In base 9, what is 245720062 + 0?
245720062
In base 14, what is -a9 - 343009?
-3430b4
In base 6, what is -43401403 + -41?
-43401444
In base 5, what is -3 + -144120423?
-144120431
In base 8, what is 12 + -55176?
-55164
In base 14, what is -75093d + 24?
-750919
In base 13, what is 4a281 + -181?
4a100
In base 16, what is -1 + 97f355?
97f354
In base 2, what is -111100011011001101110100110 + -101?
-111100011011001101110101011
In base 4, what is 13030121 - 12323?
13011132
In base 14, what is -1183cb + -1305?
-1196d2
In base 11, what is -12 + 46024?
46012
In base 6, what is -14522 + 45033?
30111
In base 8, what is -303474 + -3001?
-306475
In base 9, what is 304723032 + 2?
304723034
In base 4, what is -100323130 + -10221?
-101000011
In base 13, what is -2a61 - -cab2?
a051
In base 8, what is -45071352 + 112?
-45071240
In base 11, what is 452 - -15638?
15a8a
In base 15, what is 4 + 2e8c7e?
2e8c83
In base 4, what is -1333123033001 + 10?
-1333123032331
In base 16, what is 20c16 - -ad?
20cc3
In base 8, what is 32 + 1230546?
1230600
In base 6, what is 5234144 + -204?
5233540
In base 8, what is -4140170 + 1141?
-4137027
In base 12, what is -5 + -646735?
-64673a
In base 8, what is 326172527 + 0?
326172527
In base 5, what is 4 + -342032112?
-342032103
In base 5, what is 3331 - -21444320?
22003201
In base 12, what is 3316b - -64?
33213
In base 2, what is 1100 - 10001010000010100010?
-10001010000010010110
In base 2, what is -1000001000010010 + -11100011110110?
-1011101100001000
In base 14, what is 1782ad - 3?
1782aa
In base 9, what is 178 + 1624214?
1624403
In base 2, what is 100000100011111110101001100 + -100?
100000100011111110101001000
In base 14, what is 1a39 + -6d3?
1346
In base 5, what is 240411 + -124312?
111044
In base 3, what is -222022012102212 + -211?
-222022012110200
In base 14, what is -5d - 5626?
-5685
In base 14, what is -2032da3c - -1?
-2032da3b
In base 3, what is -10000110201 - -112000?
-2222221201
In base 7, what is 5611553 + 254?
5612140
In base 14, what is 8647 + 194?
87db
In base 8, what is 303561 + -153?
303406
In base 12, what is 454 - -131a?
1772
In base 10, what is -3606 + -4876?
-8482
In base 2, what is -1000110111001110110111000 - -1?
-1000110111001110110110111
In base 12, what is ba - 449aa?
-448b0
In base 9, what is 3313 + -11735?
-7422
In base 15, what is cee41 - -b?
cee4c
In base 12, what is -5 + 55808b2?
55808a9
In base 14, what is 7d64 - -553?
84b7
In base 14, what is 7195c98 - -1?
7195c99
In base 5, what is 123330001 + 21?
123330022
In base 2, what is 0 - 1000101100001000001101011?
-1000101100001000001101011
In base 15, what is 32 + -3d42e?
-3d3ec
In base 10, what is -27 - 20458?
-20485
In base 14, what is a - b3cb3?
-b3ca7
In base 4, what is -11313 + -22212?
-100131
In base 12, what is 2538380 - 2?
253837a
In base 2, what is -110110010010101010 - 1100110?
-110110010100010000
In base 5, what is -1403323412 - 3?
-1403323420
In base 9, what is -6458486 - -5?
-6458481
In base 3, what is -102012 + -1201021200?
-1201200212
In base 16, what is 2aaed33 - 7?
2aaed2c
In base 7, what is -4212111 - -55?
-4212023
In base 2, what is -1101011110001 - 10001000100001?
-11110100010010
In base 7, what is -3 + 4524440160?
4524440154
In base 3, what is -120222001200112 + 12?
-120222001200100
In base 12, what is -4 - 141911?
-141915
In base 14, what is -430c9b + -10?
-430cab
In base 12, what is 16640b464 + 4?
16640b468
In base 4, what is -111301202 + 2?
-111301200
In base 5, what is -13 - -2102333103?
2102333040
In base 6, what is -242 - 25225352?
-25230034
In base 7, what is -156016110 - 1?
-156016111
In base 6, what is -31314 - 151340?
-223054
In base 13, what is -38898 - 5b3?
-3917b
In base 13, what is 377c + 13cb4?
17763
In base 12, what is -32 - -74883?
74851
In base 6, what is -301133525 - 1?
-301133530
In base 8, what is 32 - 2150455?
-2150423
In base 10, what is -5 + -289422?
-289427
In base 12, what is -6b1 + -10201?
-108b2
In base 6, what is -2341142050 - -20?
-2341142030
In base 8, what is -7255 + -13357?
-22634
In base 11, what is -a9a90 - -248?
-a9843
In base 10, what is -37236737 + -5?
-37236742
In base 8, what is 65 - 637452?
-637365
In base 10, what is 520908 - -10?
520918
In base 6, what is 2 + 41045344?
41045350
In base 7, what is 142 - 5106402?
-5106230
In base 10, what is 413 - -112904?
113317
In base 11, what is 3168 + -4106?
-a49
In base 10, what is 87 + 13434171?
13434258
In base 5, what is 401404 + -12010?
334344
In base 6, what is 15 + -4155011?
-4154552
In base 11, what is -1 - -56aa101?
56aa100
In base 5, what is 21141331003 + 4?
21141331012
In base 8, what is 14667636 + -22?
14667614
In base 3, what is -11 + -10201112110211110?
-10201112110211121
In base 16, what is 1 - 1352b49?
-1352b48
In base 16, what is 3 - 147236d?
-147236a
In base 4, what is 2333320 + 11230000?
20223320
In base 5, what is -3324002422 + -2?
-3324002424
In base 3, what is 2122021221211012 + -1?
2122021221211011
In base 9, what is 3 + 4663776?
4663780
In base 13, what is -21000 - -16a9?
-1c624
In base 9, what is -1 + 112623837?
112623836
In base 14, what is 67208 - -517?
67721
In base 2, what is 1101100001000111001000010 - -101?
1101100001000111001000111
In base 14, what is -bc6 - -23c?
-988
In base 2, what is -1010100110101 - 101100011111?
-10000001010100
In base 8, what is 3452007 + -53?
3451734
In base 9, what is 0 - 1315810?
-1315810
In base 8, what is -156 + -64664?
-65042
In base 10, what is 328520 + 38?
328558
In base 8, what is 36 - -205200?
205236
In base 5, what is -1 + -2242244431?
-2242244432
In base 8, what is 14625465121 - -4?
14625465125
In base 14, what is 386 - -db59c?
db944
In base 10, what is -1140 + -1806?
-2946
In base 12, what is -ab7a5290 - 1?
-ab7a5291
In base 11, what is -28a7966 + 31?
-28a7935
In base 13, what is 6820 + -218b?
4662
In base 12, what is 73bb44 + 0?
73bb44
In base 13, what is 575b5 - -64a?
57c32
In base 5, what is 114224 + 4304?
124033
In base 5, what is 1412132244 - 4?
1412132240
In base 14, what is 11819 + 591?
11daa
In base 9, what is -50857 - 17187?
-68155
In base 3, what is -121011 - 210200110?
-211021121
In base 8, what is 2 - 6704421?
-6704417
In base 12, what is 792 - -b87?
1759
In base 16, what is 72db + -511?
6dca
In base 12, what is -1 - -2920a?
29209
In base 5, what is 224440 + -2042?
222343
In base 5, what is -32431300322 + -4?
-32431300331
In base 7, what is 101 - 6644604?
-6644503
In base 2, what is 10110001101110111111011 + -100110?
10110001101110111010101
In base 3, what is 102112100022210010 + 10?
102112100022210020
In base 4, what is -303 - 200023201110?
-200023202013
In base 13, what is -4c90 - -72?
-4c1b
In base 3, what is 112 + -11101100000120?
-11101100000001
In base 6, what is -121530 - 11411?
-133341
In base 13, what is 373 - -cac?
1352
In base 12, what is 16 + 